rue
Is 256757 a composite number?
False
Is 950123 a prime number?
False
Is 14983 a prime number?
True
Is 116345 a composite number?
True
Is 511327 a prime number?
True
Is 2796121 composite?
True
Is 5111 a composite number?
True
Is 532601 a composite number?
False
Is 197939 prime?
False
Is 548383 prime?
False
Is 14681 prime?
False
Is 72613 a composite number?
False
Is 6729 prime?
False
Is 3433 prime?
True
Is 4201 composite?
False
Is 1728871 prime?
True
Is 63221 prime?
False
Is 10267 prime?
True
Is 323527 prime?
False
Is 139067 a composite number?
False
Is 8059 a composite number?
False
Is 2095 a composite number?
True
Is 261787 composite?
False
Is 2741 a composite number?
False
Is 17569 prime?
True
Is 69145 composite?
True
Is 106957 a prime number?
True
Is 556489 prime?
False
Is 1106965 prime?
False
Is 3907 a prime number?
True
Is 160343 composite?
False
Is 3109 prime?
True
Is 113921 a composite number?
False
Is 13661 prime?
False
Is 8801 composite?
True
Is 3593 a composite number?
False
Is 4391 prime?
True
Is 9587 a composite number?
False
Is 8813 a composite number?
True
Is 7517 a composite number?
False
Is 68033 composite?
True
Is 215 prime?
False
Is 41333 a composite number?
False
Is 3924239 composite?
True
Is 241229 a composite number?
False
Is 176399 a prime number?
False
Is 134599 prime?
False
Is 36251 prime?
True
Is 76819 a prime number?
True
Is 85787 a prime number?
False
Is 131249 a prime number?
True
Is 63577 prime?
True
Is 2053 a composite number?
False
Is 3217 a prime number?
True
Is 8977 composite?
True
Is 6637 prime?
True
Is 317639 composite?
True
Is 31873 a composite number?
False
Is 5359 prime?
False
Is 9067 composite?
False
Is 1649 composite?
True
Is 9277 a composite number?
False
Is 427697 a composite number?
True
Is 8509 composite?
True
Is 83833 a prime number?
True
Is 5012923 prime?
True
Is 9121 a prime number?
False
Is 3199 a composite number?
True
Is 1279535 composite?
True
Is 589685 composite?
True
Is 396251 a composite number?
True
Is 1009219 a composite number?
True
Is 11851 prime?
False
Is 1559 a composite number?
False
Is 46301 a composite number?
False
Is 23927 composite?
True
Is 2809 a prime number?
False
Is 5779 a composite number?
False
Is 79751 prime?
False
Is 2024323 a composite number?
True
Is 71569 composite?
False
Is 110293 a prime number?
False
Is 673321 a composite number?
True
Is 312665 a composite number?
True
Is 23921 composite?
True
Is 667 prime?
False
Is 107441 a composite number?
False
Is 3017989 composite?
True
Is 8779 a prime number?
True
Is 6623 composite?
True
Is 11863 a composite number?
False
Is 93877 a prime number?
False
Is 783205 a prime number?
False
Is 527 composite?
True
Is 571 prime?
True
Is 2169655 composite?
True
Is 760607 a composite number?
False
Is 1078403 a prime number?
True
Is 7907 prime?
True
Is 1246538 a composite number?
True
Is 414131 composite?
False
Is 3137 composite?
False
Is 47543 prime?
True
Is 241967 composite?
True
Is 3550351 a prime number?
False
Is 46457 composite?
False
Is 93983 prime?
True
Is 97459 prime?
True
Is 79531 composite?
False
Is 1735 composite?
True
Is 924997 a composite number?
False
Is 5779 a composite number?
False
Is 35357 a prime number?
False
Is 3137 a composite number?
False
Is 59347 a prime number?
False
Is 198249 a prime number?
False
Is 49857 composite?
True
Is 3829 prime?
False
Is 224521 prime?
False
Is 1249013 a prime number?
True
Is 6077 composite?
True
Is 114259 a prime number?
True
Is 217409 composite?
False
Is 153601 a prime number?
False
Is 6641 a composite number?
True
Is 3261 a prime number?
False
Is 123653 prime?
True
Is 31754 composite?
True
Is 29509 prime?
False
Is 434833 a prime number?
False
Is 279073 a composite number?
False
Is 5331 prime?
False
Is 31439 a prime number?
False
Is 2819 composite?
False
Is 17543 composite?
True
Is 534867 a prime number?
False
Is 1237 composite?
False
Is 1031981 composite?
False
Is 1041 a prime number?
False
Is 3089 a composite number?
False
Is 247385 composite?
True
Is 307 a composite number?
False
Is 27245 prime?
False
Is 365185 prime?
False
Is 209 composite?
True
Is 29917 a composite number?
False
Is 248917 composite?
True
Is 2581115 a prime number?
False
Is 271394 prime?
False
Is 12889 a prime number?
True
Is 15053 a composite number?
False
Is 75833 composite?
False
Is 33742 a composite number?
True
Is 83023 composite?
False
Is 15401 a prime number?
True
Is 804833 a composite number?
False
Is 582793 composite?
False
Is 20851 a prime number?
False
Is 6469 a composite number?
False
Is 114371 a composite number?
False
Is 1649 a composite number?
True
Is 6673 a prime number?
True
Is 19263 a composite number?
True
Is 42953 prime?
True
Is 42503 a prime number?
False
Is 337627 prime?
True
Is 97639 a prime number?
False
Is 7261 prime?
False
Is 1259 prime?
True
Is 268607 a prime number?
True
Is 11981 composite?
False
Is 110098 composite?
True
Is 88649 a prime number?
False
Is 23231 prime?
False
Is 69079 a composite number?
True
Is 1252829 a composite number?
True
Is 7747 a composite number?
True
Is 1872017 composite?
True
Is 305507 a prime number?
False
Is 40949 a composite number?
False
Is 292427 a prime number?
True
Is 205311 a composite number?
True
Is 95369 a composite number?
False
Is 89293 a composite number?
False
Is 19571 a prime number?
True
Is 577033 composite?
False
Is 967574 a prime number?
False
Is 339443 a prime number?
False
Is 288557 composite?
True
Is 151323 a prime number?
False
Is 530119 a composite number?
True
Is 1087 composite?
False
Is 64693 composite?
False
Is 194609 prime?
True
Is 26777 a prime number?
True
Is 47363 a composite number?
False
Is 3587 prime?
False
Is 217387 composite?
False
Is 3491 prime?
True
Is 7451 composite?
False
Is 39541 a prime number?
True
Is 11002 prime?
False
Is 7787 composite?
True
Is 24593 a prime number?
True
Is 2329 a composite number?
True
Is 1973 prime?
True
Is 95063 composite?
False
Is 168247 composite?
False
Is 1789489 composite?
True
Is 346661 a composite number?
True
Is 2453 a prime number?
False
Is 1821 a composite number?
True
Is 6731 prime?
False
Is 28189 a composite number?
True
Is 504103 composite?
False
Is 5137 a prime number?
False
Is 10055 a composite number?
True
Is 28123 composite?
False
Is 61331 a composite number?
False
Is 72847 composite?
True
Is 72241 composite?
True
Is 26309 a composite number?
False
Is 10763765 a prime number?
False
Is 2767 a composite number?
False
Is 40141 prime?
False
Is 146203 a composite number?
False
Is 78187 prime?
False
Is 160309 a prime number?
True
Is 115183 composite?
False
Is 226087 a prime number?
True
Is 1353119 prime?
False
Is 46429 prime?
False
Is 68147 composite?
False
Is 185 composite?
True
Is 69709 prime?
True
Is 22229 a composite number?
False
Is 3128689 composite?
False
Is 85297 a composite number?
False
Is 11087 a prime number?
True
Is 134171 a composite number?
False
Is 632033 a composite number?
True
Is 67121 prime?
True
Is 414949 a prime number?
True
Is 17671 a prime number?
False
Is 4487 a prime number?
False
Is 81397 composite?
True
Is 262459 a prime number?
True
Is 1515947 prime?
True
Is 560987 a composite number?
True
Is 114151 composite?
True
Is 4663 composite?
False
Is 58285 prime?
False
Is 235723 prime?
True
Is 94123 composite?
True
Is 127711 a prime number?
True
Is 565 a prime number?
False
Is 2704543 a prime number?
True
Is 750497 prime?
False
Is 36103 a composite number?
True
Is 2743 composite?
True
Is 201647 composite?
True
Is 313307 prime?
True
Is 1198837 composite?
True
Is 17249 prime?
False
Is 52013 a prime number?
False
Is 76931 a prime number?
False
Is 1367 a prime number?
True
Is 4097 a composite number?
True
Is 6119 a prime number?
False
Is 559967 a prime number?
True
Is 36293 a composite number?
False
Is 104795 prime?
False
Is 218021 composite?
False
Is 64151 prime?
True
Is 238603 a composite number?
True
Is 11957 a composite number?
True
Is 9199 composite?
False
Is 305917 a composite number?
False
Is 58561 prime?
False
Is 445369 a composite number?
True
Is 76267 prime?
False
Is 13061 a composite number?
True
Is 3793 prime?
True
Is 9953 a composite number?
True
Is 9293 prime?
True
Is 9311 composite?
False
Is 5411 a composite number?
True
Is 223739 a prime number?
Fa